w be a(3). Suppose -2*h - 9788 = -5*b + 20909, -b + 2*h + w = 0. Is b prime?
False
Let l = 96251 + 38900. Is l a composite number?
False
Let k(u) = -167*u**3 + 9*u**2 - u - 14. Let o(w) = -335*w**3 + 19*w**2 - 3*w - 29. Let p(v) = 13*k(v) - 6*o(v). Is p(-3) a composite number?
True
Let o = 236595 - -195962. Is o a composite number?
False
Suppose -5*x + 37881 = -2*u, -2*x + x + 7590 = -5*u. Let q = x - 4186. Is q prime?
True
Suppose 5*s + 4*o - 140 = 0, 3*s - 62 - 22 = -o. Is 17763/4 + s/112 a composite number?
False
Let v be (3/(-6))/(((-10)/(-4))/5). Is (-1 + v)*(-61829)/34 a prime number?
True
Suppose -5*b + 1173244 = a - 3*a, -1173236 = 2*a - 3*b. Is (-12)/(-54) - a/36 a composite number?
True
Suppose 4*h - 2*i = 3806004, -i - 1363556 - 3393955 = -5*h. Is h a prime number?
False
Let z(j) = 26*j + 70039. Is z(0) prime?
True
Suppose -36 = 25*y - 13*y. Let d(l) = -5*l**3 - 7*l**2 - 6*l + 5. Is d(y) composite?
True
Let g = -16572 - -30121. Is g a composite number?
True
Let j(g) be the first derivative of -g**2 - g - 35. Let k(a) = -21*a + 42. Let s(u) = j(u) - k(u). Is s(14) a composite number?
False
Let q(b) = 3114*b + 11. Is q(22) a composite number?
True
Let r = -106 - -114. Let h(y) be the second derivative of 7*y**3 - 29*y**2/2 + 4*y. Is h(r) composite?
False
Suppose 56226 = 9*a + 3*h, 10*a = 11*a - 5*h - 6242. Is a prime?
True
Suppose 3*y - 27 = -r - 0*y, 4*r = -2*y + 118. Let g be 7 + r/(-4) + (-541)/2. Let m = -113 - g. Is m a prime number?
False
Suppose 36*z = 34*z - 4*v + 1304022, 1956129 = 3*z - 6*v. Is z composite?
True
Let g(a) = -3*a - 9. Let t be g(-4). Let l be -6*(4 + -2) - 0 - t. Is (-2)/6*-2 + (-275)/l a composite number?
False
Let v(b) = 5*b**3 - 5*b**2 + 3*b - 7. Let z be v(5). Let i(d) = -2*d - 193. Let r be i(33). Let l = r + z. Is l a prime number?
False
Let l = 158670 - 37373. Is l a composite number?
True
Suppose -3*l - 99*b + 22044 = -95*b, -22050 = -3*l - 2*b. Let y = l - -2090. Is y a composite number?
True
Suppose -62*d + 20 = -58*d. Suppose d*s + 15*o - 19835 = 17*o, -4*s + 15868 = -2*o. Is s prime?
True
Suppose 31 = -v - 9. Let k = v - -44. Suppose -k*y + 6*y - 1724 = 0. Is y a composite number?
True
Let r be (0/(0 + 2))/(10 + -9). Suppose -2*v + 2*h = -17022, -v + 8507 = -r*v + h. Is v a prime number?
False
Let s(k) = -3*k**3 + 15*k**2 - 13*k + 73. Let o(u) = -4*u**3 + 14*u**2 - 14*u + 73. Let d(v) = 2*o(v) - 3*s(v). Is d(18) prime?
True
Let x(g) = -g + 26. Let r(t) = t. Let n(h) = -3*r(h) - x(h). Let y be n(-12). Is y + 402 - -4 - -5 a prime number?
True
Suppose -4*t = -0*t - 16. Suppose -5*m + 31575 = -5*z - 26455, t*z = -3*m + 34818. Suppose 4*q - m = 5*p, q - 3*p = 2162 + 743. Is q prime?
False
Let l be (48/(-10))/(-1 + (-29)/(-30)). Let n = l + 202. Is n prime?
False
Let l(k) = k**3 + 7*k**2 + k - 5. Let s be l(-7). Is (-95275)/(-8) + s/32 prime?
True
Let r = -82 + 81. Is ((-88136)/(-12))/r*(-3)/2 composite?
True
Let j = -136910 + 237979. Is j a prime number?
False
Let t = -175 + 100. Let m be (-19 - -20)/(1/190). Let a = m + t. Is a composite?
True
Let q(v) = 455*v - 79. Suppose 0 = 5*y - 24*y + 190. Is q(y) a composite number?
True
Let l(c) = c**2 - 5*c - 12. Let i be l(7). Suppose -3*w + 1512 = 5*t, 5*w + 1217 = i*t + 2*t. Suppose -2*p + 1817 = t. Is p prime?
True
Let n = -1154976 + 729384. Is (1/2)/((-36)/n) composite?
True
Let v = 540 + -534. Suppose -v*p - 2912 = -22706. Is p a composite number?
False
Let x be (3 + 0 - 3)/(-2). Suppose -20*a + 23*a - 6 = x. Suppose -2*i - 91 = -k, a*k + 5*i - 70 = 94. Is k a composite number?
True
Suppose -12*g + 13*g = -16. Let w(z) = 4*z**3 + 15*z**2 - 8*z + 16. Let r(s) = 5*s**3 + 15*s**2 - 7*s + 17. Let c(f) = 3*r(f) - 4*w(f). Is c(g) composite?
False
Suppose -3*v = 5*f - 3489397, 4*f + 5*v - 556339 = 2235163. Is f prime?
False
Let x = 681977 - 155974. Is x prime?
False
Let u(t) = t**2 + 4*t. Suppose -5*p = 5*p + 30. Let j be u(p). Is j*1 - (-562 + 1 + 1) a composite number?
False
Let m be (5 + -6)/((-3)/(-9)) + 3525. Let p = -2155 + m. Is p a prime number?
True
Suppose 2*j - 546 = 3*q, 0 = -2*j + 4*q + 537 + 5. Suppose 0 = -4*i + 453 + j. Is i a composite number?
True
Suppose 0 = 6*l - 15 - 9. Suppose -5*v - 4*o = -0*v + 270, 216 = -l*v + 3*o. Is (v/24 + -1)/((-3)/1212) composite?
True
Suppose 60*k = 41 + 139. Suppose k*f - 5*a + 58461 = 6*f, f - 19487 = 5*a. Is f a prime number?
False
Is 1767373 + 1/3*1 - (-141)/(-423) a composite number?
False
Suppose 2*b - 3*k = 2*k + 446451, -k + 892957 = 4*b. Suppose 0 = -42*z - 4*z + b. Is z prime?
False
Suppose 3*d - 6*d = 0. Suppose d = 2*y - 4*r - 56, -2*y + 2*r + 0*r + 46 = 0. Let f(m) = -m**2 + 30*m + 7. Is f(y) a composite number?
False
Suppose -31*d = -33 - 1 - 90. Suppose 16 = 3*n - n. Is 745*(n/5)/d a prime number?
False
Let s = 33 + -29. Suppose -4*o = -8 - s. Is 4925/10*6/o a composite number?
True
Suppose 0 = -5*m + 3 - 43. Let r(d) = -7*d**3 - 12*d**2 + 25*d - 7. Is r(m) composite?
False
Let w(x) be the second derivative of 7*x**3 + 26*x**2 - 27*x. Let b be w(-7). Let q = b + 1143. Is q a composite number?
True
Suppose 48*m - 573657 = 232503. Is m a prime number?
False
Let f = 50 - 51. Let v(d) = 6804*d**2 + 9*d + 8. Is v(f) prime?
True
Let o = 865 - 863. Suppose 7630 = o*r - 3*s, 4*r - 15288 = -20*s + 19*s. Is r a composite number?
False
Let o(y) = 47550*y**2 - 24*y - 5. Is o(-2) prime?
True
Let u be (2/(-5))/((-24)/3660). Let a = -42 + u. Suppose -21*i = -a*i - 1154. Is i composite?
False
Let h(a) = -14*a**3 - 8*a**2 - 14*a + 5. Let u be h(-6). Let s = -738 + u. Suppose n = 4*n - b - s, 3493 = 5*n + 2*b. Is n a prime number?
False
Suppose 0 = -49*k + 12094 + 9907. Let d = k - 391. Is d a composite number?
True
Let v(w) = w**2 + 2*w + 185. Suppose 2*n = -2*n. Let f be v(n). Suppose 4*o = -o + f. Is o prime?
True
Is (-3)/(-3)*-6*(-987472)/96 a composite number?
False
Let z be 180/42 + 8/(-28). Suppose -4*k + 2*w = -8138, 2*k - z*w - 1556 = 2522. Is k a composite number?
True
Let c = -67376 - -181221. Is c prime?
False
Suppose -35*n = -29*n - 36. Is -4 + n*(-2580)/(-8) a prime number?
True
Suppose 7543920 = 8*j + 39*j - 1946367. Is j composite?
True
Let j = 41110 - 19147. Is j prime?
False
Let b(f) be the second derivative of 1651*f**3/6 + 68*f**2 - 199*f + 2. Is b(9) a prime number?
False
Suppose 0 = -4*t + 9*t + 170. Let f = -262 - t. Let s = 473 - f. Is s a prime number?
True
Let p(b) = -b. Let s(c) = 45*c + 3. Let l(n) = -5*p(n) - s(n). Let z be (-12)/8*64/12. Is l(z) a prime number?
True
Let x be (-1)/(9/(14 + 4)). Let s(f) = -1358*f**3 + 5*f**2 - f - 12. Is s(x) composite?
True
Let y(o) = 5*o**3 + 29*o**2 - 240*o - 177. Is y(20) a composite number?
True
Is 2/24 + 12337868/48 a prime number?
False
Suppose -s = 2*l + 8, 0 = -2*s + 3*s - 2*l - 12. Suppose -5*q = 2*n - 1537, s*n - 2326 + 791 = -3*q. Is n a prime number?
False
Suppose 39 = 19*s - 56. Suppose -4425 = -5*g - s*u, 2*u + 2675 = -g + 4*g. Is g prime?
False
Suppose -6*i + 5*n + 5 = -i, -4*i = 2*n - 28. Suppose -973 = -4*t + i*z, 5*t + 3*z - 1214 = 7*z. Let h = t + 65. Is h a composite number?
False
Let b(j) = 3741*j**3 - 8*j**2 - 221*j + 917. Is b(4) a composite number?
False
Let s(o) = 269*o**3 - o - 1. Let a be 24/(-9)*27/18. Let q be 1 + (-1 - a)*(-3)/(-9). Is s(q) prime?
False
Let m(v) = -v**3 - 2*v**2 + 5*v + 4. Let g be m(-3). Let z(c) = c**2 - 2. Let k be z(g). Suppose 851 = 3*x - k*x. Is x a composite number?
True
Suppose -r = -2*w - 5147, -10735 + 421 = 4*w + 2*r. Let l = -1329 - w. Is l a composite number?
True
Suppose 5*t - 3389 = c, 140*c - 143*c - 1366 = -2*t. Is t a prime number?
True
Let g = 59 - 46. Suppose 5*k + g - 93 = 0. Suppose q - k = -3*q, 0 = -4*s + 5*q + 1464. Is s composite?
True
Suppose -4476 = -3*p + 2*g, -g = -3*p + 6*p - 4476. Suppose -10*y + p = -6*y. Is y a prime number?
True
Let d = 75 - 72. Let m be d + (-30100)/(-8) + 3/2. Let t = 8362 - m. Is t composite?
True
Let m be (-1925)/200 - 3/8. Let b = -19090 - -10805. Is b/2*4/m a composite number?
False
Suppose 1886444 = 4*x - 5*y, -3*x + 196863 = 3*y - 1218024. Is x a composite number?
True
Let p(l) = -7 + 34*l**2 + 2 - 5*l + 49*l**2. Suppose 0 = -b + g - 5, -2*b + 0 = 3*g - 5. Is p(b) a prime number?
True
Let w(c) = -306*c**2 - 14*c + 30. Let q be w(3). Let y = q